{"id":35,"date":"2025-10-06T08:26:55","date_gmt":"2025-10-06T07:26:55","guid":{"rendered":"https:\/\/gabinetyblicharz.pl\/?page_id=35"},"modified":"2025-10-06T08:32:54","modified_gmt":"2025-10-06T07:32:54","slug":"wpis-do-rpwdl","status":"publish","type":"page","link":"https:\/\/gabinetyblicharz.pl\/index.php\/wpis-do-rpwdl\/","title":{"rendered":"Wpis do RPWDL"},"content":{"rendered":"\n<p>KSI\u0118GA REJESTROWA<\/p>\n\n\n\n<p>Nr ksi\u0119gi 000000279631<br>Oznaczenie organu: W &#8211; 06<\/p>\n\n\n\n<figure class=\"wp-block-table\"><table class=\"has-fixed-layout\"><tbody><tr><th colspan=\"2\"><strong>DZIA\u0141 I<br>OZNACZENIE PODMIOTU LECZNICZEGO I LISTA ZAK\u0141AD\u00d3W LECZNICZYCH<\/strong><\/th><\/tr><tr><td>Rubryka 1. Numer ksi\u0119gi rejestrowej<\/td><td>000000279631<\/td><\/tr><tr><td colspan=\"2\">Rubryka 2. Oznaczenie organu prowadz\u0105cego rejestr<\/td><\/tr><tr><td>1. Oznaczenie organu rejestrowego<\/td><td>W &#8211; Wojewoda<\/td><\/tr><tr><td>2. Kod organu rejestrowego<\/td><td>06 &#8211; Wojewoda Lubelski<\/td><\/tr><tr><td>Rubryka 3. Firma, nazwa albo imi\u0119 i nazwisko podmiotu leczniczego<\/td><td>Lek. stom. Joanna Blicharz Stomatologia i medycyna<\/td><\/tr><tr><td colspan=\"2\">Rubryka 4. Adres siedziby podmiotu leczniczego, a w przypadku osoby fizycznej \u2013 adres do korespondencji<\/td><\/tr><tr><td>1. Ulica<\/td><td>&nbsp;Plac Wolno\u015bci<\/td><\/tr><tr><td>2. Numer domu<\/td><td>15<\/td><\/tr><tr><td>3. Numer lokalu<\/td><td>28<\/td><\/tr><tr><td>4. Kod pocztowy<\/td><td>23-400<\/td><\/tr><tr><td>5. Miejscowo\u015b\u0107<\/td><td>Bi\u0142goraj<\/td><\/tr><tr><td>6. Numer skrytki pocztowej<\/td><td><em>Brak wpisu<\/em><\/td><\/tr><tr><td>7. Oznaczenie plac\u00f3wki operatora pocztowego, w kt\u00f3rej jest udost\u0119pniona skrytka pocztowa<\/td><td><em>Brak wpisu<\/em><\/td><\/tr><tr><td>Rubryka 5. Numer telefonu podmiotu leczniczego<\/td><td>+48 601 085 959<\/td><\/tr><tr><td>Rubryka 6. Adres poczty elektronicznej podmiotu leczniczego<\/td><td>blicharzjoanna1@gmail.com<\/td><\/tr><tr><td>Rubryka 7. Adres strony internetowej podmiotu leczniczego<\/td><td><a href=\"https:\/\/gabinetyblicharz.pl\/\">www.gabinetyblicharz.pl\/<\/a><\/td><\/tr><tr><td>Rubryka 8. Identyfikator terytorialny dla jednostki podzia\u0142u terytorialnego, w kt\u00f3rej znajduje si\u0119 siedziba albo miejsce zamieszkania podmiotu leczniczego<\/td><td>0602011<\/td><\/tr><tr><td>Rubryka 10. Numer Identyfikacji Podatkowej (NIP) podmiotu leczniczego<\/td><td>9181033751<\/td><\/tr><tr><td>Rubryka 11. Forma organizacyjno-prawna podmiotu leczniczego, oznaczona kodem resortowym stanowi\u0105cym cz\u0119\u015b\u0107 IV systemu resortowych kod\u00f3w identyfikacyjnych<\/td><td>0700 &#8211; dzia\u0142alno\u015b\u0107 gospodarcza prowadzona przez osob\u0119 fizyczn\u0105<\/td><\/tr><tr><td>Rubryka 12. Nazwa podmiotu tworz\u0105cego oraz kod resortowy stanowi\u0105cy cz\u0119\u015b\u0107 III systemu resortowych kod\u00f3w identyfikacyjnych, w przypadku podmiotu leczniczego nieb\u0119d\u0105cego przedsi\u0119biorc\u0105<\/td><td><em>Brak wpisu<\/em><br><em>Brak wpisu<\/em><\/td><\/tr><tr><td colspan=\"2\">Rubryka 13. Informacje dotycz\u0105ce prowadzenia dzia\u0142alno\u015bci leczniczej<\/td><\/tr><tr><td>1. Data rozpocz\u0119cia dzia\u0142alno\u015bci leczniczej<\/td><td>2024-11-01<\/td><\/tr><tr><td>2. Data rozpocz\u0119cia dzia\u0142alno\u015bci leczniczej na podstawie zawiadomienia, o kt\u00f3rym mowa w art. 104 ust. 2 ustawy z dnia 15 kwietnia 2011 r. o dzia\u0142alno\u015bci leczniczej, zwanej dalej ustaw\u0105<\/td><td><em>Brak wpisu<\/em><\/td><\/tr><tr><td>3. Okres czasowego zaprzestania dzia\u0142alno\u015bci, o kt\u00f3rym mowa w art. 34 ust. 1 pkt 1 ustawy<\/td><td><em>Brak wpisu<\/em><\/td><\/tr><tr><td>Rubryka 14. Data wpisu podmiotu leczniczego do rejestru<\/td><td>2024-09-19<\/td><\/tr><tr><td>Rubryka 15. Data zmiany wpisu do rejestru<\/td><td>2024-10-31<\/td><\/tr><tr><td colspan=\"2\">Rubryka 16. Informacje dotycz\u0105ce wykre\u015blenia podmiotu leczniczego z rejestru<\/td><\/tr><tr><td>1. Data zako\u0144czenia dzia\u0142alno\u015bci leczniczej<\/td><td><em>Brak wpisu<\/em><\/td><\/tr><tr><td>2. Data decyzji o wykre\u015bleniu z rejestru<\/td><td><em>Brak wpisu<\/em><\/td><\/tr><tr><td>3. Numer decyzji o wykre\u015bleniu z rejestru<\/td><td><em>Brak wpisu<\/em><\/td><\/tr><tr><td colspan=\"2\">Rubryka 17. Informacje dotycz\u0105ce akredytacji lub certyfikacji w zakresie jako\u015bci udzielanych \u015bwiadcze\u0144 zdrowotnych<\/td><\/tr><tr><td colspan=\"2\">Lp.Data wydania certyfikatuZakres akredytacji<strong>1<\/strong><em>Brak wpisu<\/em><em>Brak wpisu<\/em><\/td><\/tr><tr><td colspan=\"2\">Rubryka 18. Informacje dotycz\u0105ce akredytacji w zakresie uprawnienia do prowadzenia kszta\u0142cenia podyplomowego<\/td><\/tr><tr><td colspan=\"2\">Lp.Data udzielenia akredytacjiZakres akredytacji: prowadzenie sta\u017cu kierunkowego, sta\u017cu podyplomowego, szkolenia specjalistycznego, wpis na list\u0119 podmiot\u00f3w uprawnionych do szkolenia w zakresie uzyskiwania umiej\u0119tno\u015bci z zakresu w\u0119\u017cszych dziedzin medycyny lub udzielania okre\u015blonych \u015bwiadcze\u0144 zdrowotnych, o kt\u00f3rych mowa w ustawie z dnia 5 grudnia 1996 r. o zawodach lekarza i lekarza dentysty<strong>1<\/strong><em>Brak wpisu<\/em><em>Brak wpisu<\/em><\/td><\/tr><tr><td colspan=\"2\">Rubryka 19. Informacje dotycz\u0105ce przeprowadzonych kontroli, o kt\u00f3rych mowa w art. 111 ustawy<\/td><\/tr><tr><td>1. Daty przeprowadzonych kontroli<\/td><td>2. Wyniki przeprowadzonych kontroli<\/td><\/tr><tr><td>Brak wpisu<\/td><td><em>Brak wpisu<\/em><\/td><\/tr><tr><td colspan=\"2\">Rubryka 29. Nazwa i adres podmiotu przechowuj\u0105cego dokumentacj\u0119 medyczn\u0105 po zaprzestaniu udzielania \u015bwiadcze\u0144 zdrowotnych przez podmiot leczniczy<\/td><\/tr><tr><td>1. Nazwa<\/td><td><em>Brak wpisu<\/em><\/td><\/tr><tr><td>2. Ulica<\/td><td><em>Brak wpisu<\/em><\/td><\/tr><tr><td>3. Numer domu<\/td><td><em>Brak wpisu<\/em><\/td><\/tr><tr><td>4. Numer lokalu<\/td><td><em>Brak wpisu<\/em><\/td><\/tr><tr><td>5. Kod pocztowy<\/td><td><em>Brak wpisu<\/em><\/td><\/tr><tr><td>6. Miejscowo\u015b\u0107<\/td><td><em>Brak wpisu<\/em><\/td><\/tr><tr><td>Rubryka 30. Podmiot zosta\u0142 zakwalifikowany do systemu podstawowego szpitalnego zabezpieczenia \u015bwiadcze\u0144 opieki zdrowotnej<\/td><td><em>Brak wpisu<\/em><\/td><\/tr><\/tbody><\/table><\/figure>\n\n\n\n<figure class=\"wp-block-table\"><table class=\"has-fixed-layout\"><tbody><tr><th colspan=\"2\"><strong>ZAK\u0141ADY LECZNICZE<\/strong><\/th><\/tr><tr><td colspan=\"2\">Lp. 1<\/td><\/tr><tr><td>Rubryka 20. Nazwa zak\u0142adu leczniczego<\/td><td>Lek. Stom. Joanna Blicharz Stomatologia<\/td><\/tr><tr><td colspan=\"2\">Rubryka 21. Adres i numer telefonu zak\u0142adu leczniczego<\/td><\/tr><tr><td>1. Ulica<\/td><td>&nbsp;Plac Wolno\u015bci<\/td><\/tr><tr><td>2. Numer domu<\/td><td>15<\/td><\/tr><tr><td>3. Numer lokalu<\/td><td>28<\/td><\/tr><tr><td>4. Kod pocztowy<\/td><td>23-400<\/td><\/tr><tr><td>5. Miejscowo\u015b\u0107<\/td><td>Bi\u0142goraj<\/td><\/tr><tr><td>6. Numer telefonu<\/td><td>+48 601 085 959<\/td><\/tr><tr><td>Rubryka 22. Adres poczty elektronicznej zak\u0142adu leczniczego<\/td><td>blicharzjoanna1@gmail.com<\/td><\/tr><tr><td>Rubryka 23. Adres strony internetowej zak\u0142adu leczniczego<\/td><td><em>Brak wpisu<\/em><\/td><\/tr><tr><td>Rubryka 24. Identyfikator terytorialny dla jednostki podzia\u0142u terytorialnego, w kt\u00f3rej znajduje si\u0119 zak\u0142ad leczniczy<\/td><td>0602011<\/td><\/tr><tr><td>Rubryka 25. Numer REGON zak\u0142adu leczniczego (14-znakowy)<\/td><td>95031115000021<\/td><\/tr><tr><td>Rubryka 26. Rodzaj dzia\u0142alno\u015bci leczniczej wykonywanej w zak\u0142adzie leczniczym, oznaczony kodem resortowym stanowi\u0105cym cz\u0119\u015b\u0107 VI systemu kod\u00f3w identyfikacyjnych<\/td><td>3 &#8211; Ambulatoryjne \u015bwiadczenia zdrowotne<\/td><\/tr><tr><td>Rubryka 27. Data rozpocz\u0119cia dzia\u0142alno\u015bci leczniczej zak\u0142adu leczniczego<\/td><td>2024-11-01<\/td><\/tr><tr><td>Rubryka 28. Data zako\u0144czenia dzia\u0142alno\u015bci leczniczej zak\u0142adu leczniczego<\/td><td><em>Brak wpisu<\/em><\/td><\/tr><\/tbody><\/table><\/figure>\n\n\n\n<figure class=\"wp-block-table\"><table class=\"has-fixed-layout\"><tbody><tr><th colspan=\"2\"><strong>DZIA\u0141 II<br>JEDNOSTKI ORGANIZACYJNE ZAK\u0141AD\u00d3W LECZNICZYCH<\/strong><\/th><\/tr><tr><td colspan=\"2\">Lp. 1 .<\/td><\/tr><tr><td>Rubryka 1. Nazwa jednostki organizacyjnej<\/td><td>Lek. Stom. Joanna Blicharz Stomatologia i Medycyna<\/td><\/tr><tr><td colspan=\"2\">Rubryka 2. Adres i numer telefonu jednostki organizacyjnej<\/td><\/tr><tr><td>1. Ulica<\/td><td>&nbsp;Plac Wolno\u015bci<\/td><\/tr><tr><td>2. Numer domu<\/td><td>15<\/td><\/tr><tr><td>3. Numer lokalu<\/td><td>28<\/td><\/tr><tr><td>4. Kod pocztowy<\/td><td>23-400<\/td><\/tr><tr><td>5. Miejscowo\u015b\u0107<\/td><td>Bi\u0142goraj<\/td><\/tr><tr><td>6. Numer telefonu<\/td><td>+48 601 085 959<\/td><\/tr><tr><td>Rubryka 3. Adres poczty elektronicznej<\/td><td>blicharzjoanna1@gmail.com<\/td><\/tr><tr><td>Rubryka 4. Adres strony internetowej jednostki organizacyjnej<\/td><td><em>Brak wpisu<\/em><\/td><\/tr><tr><td>Rubryka 5. Identyfikator terytorialny dla jednostki podzia\u0142u terytorialnego, w kt\u00f3rej znajduje si\u0119 jednostka organizacyjna<\/td><td>0602011<\/td><\/tr><tr><td>Rubryka 6. Numer REGON zak\u0142adu leczniczego (14-znakowy)<\/td><td>95031115000021<\/td><\/tr><tr><td>Rubryka 7. Kod resortowy identyfikuj\u0105cy jednostk\u0119 organizacyjna w strukturze organizacyjnej zak\u0142adu leczniczego, stanowi\u0105cy cz\u0119\u015b\u0107 V systemu resortowych kod\u00f3w identyfikacyjnych<\/td><td>01<\/td><\/tr><tr><td colspan=\"2\">Rubryka 8. Zakres \u015bwiadcze\u0144 zdrowotnych udzielanych w jednostce organizacyjnej<\/td><\/tr><tr><td colspan=\"2\">Lp.Kod resortowy funkcji ochrony zdrowia, stanowi\u0105cy cz\u0119\u015b\u0107 IX systemu resortowych kod\u00f3w identyfikacyjnychKod resortowy dziedziny medycyny, stanowi\u0105cy cz\u0119\u015b\u0107 X systemu kod\u00f3w identyfikacyjnych<strong>1<\/strong><em>Brak wpisu<\/em><em>Brak wpisu<\/em><\/td><\/tr><tr><td>Rubryka 9. Data rozpocz\u0119cia dzia\u0142alno\u015bci przez jednostk\u0119 organizacyjn\u0105<\/td><td>2024-11-01<\/td><\/tr><tr><td>Rubryka 10. Okres czasowego zaprzestania dzia\u0142alno\u015bci przez jednostk\u0119 organizacyjn\u0105, o kt\u00f3rym mowa w art. 34 ust. 1 pkt 2 ustawy<\/td><td><em>Brak wpisu<\/em><\/td><\/tr><tr><td>Rubryka 11. Data zako\u0144czenia dzia\u0142alno\u015bci przez jednostk\u0119 organizacyjn\u0105<\/td><td><em>Brak wpisu<\/em><\/td><\/tr><\/tbody><\/table><\/figure>\n\n\n\n<figure class=\"wp-block-table\"><table class=\"has-fixed-layout\"><tbody><tr><th colspan=\"2\"><strong>DZIA\u0141 III<br>KOM\u00d3RKI ORGANIZACYJNE ZAK\u0141ADU LECZNICZEGO I ICH PROFILE<\/strong><\/th><\/tr><tr><td colspan=\"2\">Lp. 1 .<\/td><\/tr><tr><td>Rubryka 1. Nazwa kom\u00f3rki organizacyjnej<\/td><td>Poradnia Stomatologiczna<\/td><\/tr><tr><td colspan=\"2\">Rubryka 2. Adres i numer telefonu kom\u00f3rki organizacyjnej<\/td><\/tr><tr><td>1. Ulica<\/td><td>&nbsp;Plac Wolno\u015bci<\/td><\/tr><tr><td>2. Numer domu<\/td><td>15<\/td><\/tr><tr><td>3. Numer lokalu<\/td><td>28<\/td><\/tr><tr><td>4. Kod pocztowy<\/td><td>23-400<\/td><\/tr><tr><td>5. Miejscowo\u015b\u0107<\/td><td>Bi\u0142goraj<\/td><\/tr><tr><td>6. Numer telefonu<\/td><td>+48 601 085 959<\/td><\/tr><tr><td>Rubryka 3. Adres poczty elektronicznej<\/td><td>blicharzjoanna1@gmail.com<\/td><\/tr><tr><td>Rubryka 4. Adres strony internetowej<\/td><td><em>Brak wpisu<\/em><\/td><\/tr><tr><td>Rubryka 5. Identyfikator terytorialny dla jednostki podzia\u0142u terytorialnego, w kt\u00f3rej znajduje si\u0119 kom\u00f3rka organizacyjna<\/td><td>0602011<\/td><\/tr><tr><td>Rubryka 6. Numer REGON zak\u0142adu leczniczego (14-znakowy)<\/td><td>95031115000021<\/td><\/tr><tr><td>Rubryka 7. Kod resortowy identyfikuj\u0105cy kom\u00f3rk\u0119 organizacyjn\u0105 stanowi\u0105cy cz\u0119\u015b\u0107 VII systemu resortowych kod\u00f3w identyfikacyjnych<\/td><td>001<\/td><\/tr><tr><td colspan=\"2\">Rubryka 8. Zakres \u015bwiadcze\u0144 zdrowotnych udzielanych w kom\u00f3rce organizacyjnej<\/td><\/tr><tr><td>Kod resortowy charakteryzuj\u0105cy specjalno\u015b\u0107 kom\u00f3rki organizacyjnej, stanowi\u0105cy cz\u0119\u015b\u0107 VIII systemu resortowych kod\u00f3w identyfikacyjnych<\/td><td>1800&nbsp;Poradnia stomatologiczna<\/td><\/tr><tr><td colspan=\"2\">Lp.Kod resortowy funkcji ochrony zdrowia, stanowi\u0105cy cz\u0119\u015b\u0107 IX systemu resortowych kod\u00f3w identyfikacyjnychKod resortowy dziedziny medycyny, stanowi\u0105cy cz\u0119\u015b\u0107 X systemu kod\u00f3w identyfikacyjnych<strong>1<\/strong><strong>HC.1.3.2.&nbsp;Leczenie stomatologiczne<\/strong><strong>77&nbsp;Stomatologia zachowawcza z endodoncj\u0105<\/strong><strong>2<\/strong><strong>HC.1.3.2.&nbsp;Leczenie stomatologiczne<\/strong><strong>76&nbsp;Stomatologia dzieci\u0119ca<\/strong><strong>3<\/strong><strong>HC.1.3.2.&nbsp;Leczenie stomatologiczne<\/strong><strong>72&nbsp;Chirurgia stomatologiczna<\/strong><strong>4<\/strong><strong>HC.1.3.2.&nbsp;Leczenie stomatologiczne<\/strong><strong>75&nbsp;Protetyka stomatologiczna<\/strong><\/td><\/tr><tr><td>Rubryka 9. Kod resortowy identyfikuj\u0105cy jednostk\u0119 organizacyjn\u0105, w kt\u00f3rej dzia\u0142a kom\u00f3rka organizacyjna, stanowi\u0105cy cz\u0119\u015b\u0107 V systemu resortowych kod\u00f3w identyfikacyjnych<\/td><td>01<\/td><\/tr><tr><td>Rubryka 10. Data rozpocz\u0119cia dzia\u0142alno\u015bci przez kom\u00f3rk\u0119 organizacyjn\u0105<\/td><td>2024-11-01<\/td><\/tr><tr><td>Rubryka 11. Okres czasowego zaprzestania dzia\u0142alno\u015bci przez kom\u00f3rk\u0119 organizacyjn\u0105, o kt\u00f3rym mowa w art. 34 ust. 1 pkt 2 ustawy<\/td><td><em>Brak wpisu<\/em><\/td><\/tr><tr><td>Rubryka 12. Data zako\u0144czenia dzia\u0142alno\u015bci przez kom\u00f3rk\u0119 organizacyjn\u0105<\/td><td><em>Brak wpisu<\/em><\/td><\/tr><tr><td colspan=\"2\">Rubryka 13. Liczba \u0142\u00f3\u017cek w kom\u00f3rce organizacyjnej<\/td><\/tr><tr><td>1. Liczba \u0142\u00f3\u017cek og\u00f3\u0142em<\/td><td><em>Brak wpisu<\/em><\/td><\/tr><tr><td>2. Liczba \u0142\u00f3\u017cek intensywnej opieki medycznej<\/td><td><em>Brak wpisu<\/em><\/td><\/tr><tr><td>3. Liczba \u0142\u00f3\u017cek intensywnego nadzoru kardiologicznego<\/td><td><em>Brak wpisu<\/em><\/td><\/tr><tr><td>4. Liczba \u0142\u00f3\u017cek dla noworodk\u00f3w<\/td><td><em>Brak wpisu<\/em><\/td><\/tr><tr><td>5. Liczba inkubator\u00f3w<\/td><td><em>Brak wpisu<\/em><\/td><\/tr><tr><td>6. Liczba \u0142\u00f3\u017cek intensywnej terapii<\/td><td><em>Brak wpisu<\/em><\/td><\/tr><tr><td>7. Liczba \u0142\u00f3\u017cek intensywnej opieki oparze\u0144<\/td><td><em>Brak wpisu<\/em><\/td><\/tr><tr><td>8. Liczba \u0142\u00f3\u017cek intensywnej opieki toksylogicznej<\/td><td><em>Brak wpisu<\/em><\/td><\/tr><tr><td>9. Liczba \u0142\u00f3\u017cek intensywnej terapii noworodka<\/td><td><em>Brak wpisu<\/em><\/td><\/tr><tr><td>10. Liczba \u0142\u00f3\u017cek opieki ci\u0105g\u0142ej dla noworodk\u00f3w po sztucznej wentylacji<\/td><td><em>Brak wpisu<\/em><\/td><\/tr><tr><td>11. Liczba \u0142\u00f3\u017cek opieki po\u015bredniej dla noworodk\u00f3w niewymagaj\u0105cych wsparcia oddechowego<\/td><td><em>Brak wpisu<\/em><\/td><\/tr><tr><td>12. Liczba \u0142\u00f3\u017cek nieinwazyjnej wentylacji mechanicznej<\/td><td><em>Brak wpisu<\/em><\/td><\/tr><tr><td>Rubryka 14. Liczba stanowisk dializacyjnych<\/td><td><em>Brak wpisu<\/em><\/td><\/tr><tr><td>Rubryka 15. Liczba miejsc pobytu dziennego<\/td><td><em>Brak wpisu<\/em><\/td><\/tr><\/tbody><\/table><\/figure>\n","protected":false},"excerpt":{"rendered":"<p>KSI\u0118GA REJESTROWA Nr ksi\u0119gi 000000279631Oznaczenie organu: W &#8211; 06 DZIA\u0141 IOZNACZENIE PODMIOTU LECZNICZEGO I LISTA ZAK\u0141AD\u00d3W LECZNICZYCH Rubryka 1. Numer ksi\u0119gi rejestrowej 000000279631 Rubryka 2. Oznaczenie organu prowadz\u0105cego rejestr 1. Oznaczenie organu rejestrowego W &#8211; Wojewoda 2. Kod organu rejestrowego 06 &#8211; Wojewoda Lubelski Rubryka 3. Firma, nazwa albo imi\u0119 i nazwisko podmiotu leczniczego Lek. [&hellip;]<\/p>\n","protected":false},"author":1,"featured_media":0,"parent":0,"menu_order":0,"comment_status":"closed","ping_status":"closed","template":"","meta":{"footnotes":""},"class_list":["post-35","page","type-page","status-publish","hentry"],"_links":{"self":[{"href":"https:\/\/gabinetyblicharz.pl\/index.php\/wp-json\/wp\/v2\/pages\/35","targetHints":{"allow":["GET"]}}],"collection":[{"href":"https:\/\/gabinetyblicharz.pl\/index.php\/wp-json\/wp\/v2\/pages"}],"about":[{"href":"https:\/\/gabinetyblicharz.pl\/index.php\/wp-json\/wp\/v2\/types\/page"}],"author":[{"embeddable":true,"href":"https:\/\/gabinetyblicharz.pl\/index.php\/wp-json\/wp\/v2\/users\/1"}],"replies":[{"embeddable":true,"href":"https:\/\/gabinetyblicharz.pl\/index.php\/wp-json\/wp\/v2\/comments?post=35"}],"version-history":[{"count":2,"href":"https:\/\/gabinetyblicharz.pl\/index.php\/wp-json\/wp\/v2\/pages\/35\/revisions"}],"predecessor-version":[{"id":39,"href":"https:\/\/gabinetyblicharz.pl\/index.php\/wp-json\/wp\/v2\/pages\/35\/revisions\/39"}],"wp:attachment":[{"href":"https:\/\/gabinetyblicharz.pl\/index.php\/wp-json\/wp\/v2\/media?parent=35"}],"curies":[{"name":"wp","href":"https:\/\/api.w.org\/{rel}","templated":true}]}}